se 4*y - 56 = -5*w, -3*y = w - 4 - 5. Let p = -222 - -330. What is the greatest common factor of p and w?
12
Let j be 40/(-15)*(1 - 34). What is the highest common divisor of j and 8?
8
Let s = -16 - -23. Let g(l) be the second derivative of l**4/12 - 2*l**3/3 + 2*l**2 - 2*l. Let m be g(s). Calculate the highest common factor of m and 5.
5
Suppose 0 = -5*d - 0*d - 3*h + 11, 0 = h - 2. What is the greatest common divisor of d and 11?
1
Let y = -115 + 245. Calculate the greatest common factor of y and 13.
13
Let t = 0 + 93. Let w = t - 28. Calculate the greatest common divisor of w and 26.
13
Suppose -4*l = -62 - 10. Suppose 8*p = 5*p + l. Calculate the highest common factor of p and 48.
6
Suppose 5*l = 89 + 291. Calculate the greatest common factor of 19 and l.
19
Let t = 501 + -358. Let a(o) = o**3 + 4*o**2 - 2*o - 2. Let q be a(-3). Calculate the greatest common divisor of q and t.
13
Let y(k) = k + 9. Let o be y(-5). Let t(l) = l + 6. Suppose 2*n + 5 = n. Let w be t(n). Calculate the greatest common factor of o and w.
1
Suppose -10*u + 240 = -110. What is the highest common factor of 175 and u?
35
Let b(w) = 2*w - 4*w**3 - 1 + 22*w**3 + 25*w**3. Let o be b(1). Calculate the highest common factor of o and 66.
22
Let o be 4/5*170/4. Let b = 139 + -54. Calculate the highest common divisor of o and b.
17
Suppose 33*k - 37*k = -136. Calculate the highest common divisor of 51 and k.
17
Let i be (-1)/3 + (-3)/(-9). Suppose 3*n + 4*x = 2*x + 274, i = 5*n - x - 461. What is the highest common divisor of n and 23?
23
Let s = 7 - -1. Let n = 0 - 1. Let t be 2/n + 3*2. What is the greatest common divisor of t and s?
4
Let q(o) = -o**3 + 6*o**2 + 8*o - 6. Let x be q(7). What is the greatest common divisor of 11 and x?
1
Let a(q) = 14*q**2 + 10*q - 12. Let g be a(3). Calculate the greatest common factor of 16 and g.
16
Suppose 0*c + 126 = 2*c. What is the highest common divisor of 7 and c?
7
Let z be (36/(-14) - 9/21) + 108. What is the highest common divisor of z and 15?
15
Suppose -2*t + 8 = 2*d - t, 3*t = -4*d + 20. Calculate the greatest common factor of d and 22.
2
Let b(a) = a**3 + 3*a**2 - a. Let z be b(-2). Suppose -4*m - 26 = -2*w - w, -9 = -w + m. Let s = w - -2. What is the greatest common divisor of z and s?
6
Let x(b) = -b**3 + 5*b**2 + 10*b - 11. Let t be x(6). What is the greatest common divisor of 104 and t?
13
Let l = -74 - -155. Calculate the greatest common factor of l and 9.
9
Let v(w) = 5*w + 10. Suppose 5*o = -3*q - 0 - 4, 3*q + 8 = -o. Let i be 27/4 - q/12. Let y be v(i). Calculate the highest common factor of y and 9.
9
Let z(p) = -3*p**2 - 5*p + 4. Let q be z(-2). What is the highest common divisor of 16 and q?
2
Let y = -342 + 551. Calculate the highest common divisor of y and 19.
19
Let h be (-2)/1*(5 - 6). Suppose 0 = 4*z + 4*r - 97 + 13, -2*r - h = 0. Let k = -67 - -221. Calculate the highest common divisor of z and k.
22
Suppose 5*g + 4*x - 5 - 21 = 0, 22 = g + 5*x. Suppose g*d = 69 + 27. Suppose -r + d = 2*r. What is the highest common divisor of 176 and r?
16
Suppose -5*u + 14 = -3*p, 0*u - 3*u - 5*p = -22. Suppose 0 = d - 5*o + 7, -2*o + 3*o = -u*d + 14. Calculate the highest common divisor of d and 33.
3
Suppose 3*c = -c. Suppose -4*y + 6*y - 16 = c. What is the greatest common factor of y and 32?
8
Suppose 303 = 3*b + 15. Suppose -2*j + j = 4*x - 51, 0 = -x - j + 15. What is the highest common factor of b and x?
12
Suppose 2*o - 4*o = g - 3, -3*o - 4*g = -7. Let c(l) = 11*l - 1. Let f be c(o). Suppose f + 1 = b. What is the highest common divisor of 1 and b?
1
Let a(y) = y**2 + 7*y - 13. Let r(j) = j**2 + 6*j - 12. Let t(p) = -3*a(p) + 4*r(p). Let g be t(6). Calculate the highest common divisor of g and 9.
9
Suppose 0 = 9*d - 6*d - 351. Calculate the highest common divisor of 13 and d.
13
Let k be (6/(-3))/(4/(-246)). Let z = -87 + k. Let a be (-2 + 1)/((-6)/540). What is the highest common factor of a and z?
18
Let d(o) = -o**3 - 3*o**2 - 4*o - 3*o - 3*o**2 + 1. Let t be d(-5). Let n be 3/15 - (-604)/5. What is the greatest common divisor of t and n?
11
Suppose 5*b + 5 = 2*z, 3*z - 4*b = z + 10. Calculate the greatest common factor of z and 25.
5
Let u = -33 + 63. Calculate the greatest common factor of 3 and u.
3
Let l(n) = n**2 + 2*n - 6. Let a be -5 + -3 + 0 + 3. Let q be l(a). Calculate the greatest common factor of q and 18.
9
Let t(w) = w - 4. Let h be t(9). Calculate the highest common factor of h and 1.
1
Let l = 157 + -138. Calculate the highest common divisor of 133 and l.
19
Suppose -6*z = -128 + 8. What is the greatest common divisor of z and 10?
10
Let p be (1 + 2)*4/(-12). Let j be (63/(-15) - p)*-30. Let v be (-8)/10*(-2 + -13). Calculate the greatest common factor of v and j.
12
Let z(w) = -w**2 - w + 5. Let p be z(0). Suppose 4*a - 95 = p. Calculate the highest common factor of a and 200.
25
Let l be (-12)/21*(60/(-8) + -3). Calculate the greatest common factor of 8 and l.
2
Let m = -19 - -36. Let b(k) = -3*k**2 + 2. Let q be b(-2). Let r = q + m. Calculate the greatest common divisor of r and 63.
7
Let a(u) = u - 5. Let w(h) = 6*h - 36. Let i(q) = 36*a(q) - 5*w(q). Let c be i(1). What is the greatest common divisor of c and 9?
3
Let x be (16/(-6))/(1/(-3)). Let z = 13 - x. Suppose -z*s + 40 = 3*v - 5*v, 0 = 3*s + 2*v - 8. Calculate the highest common divisor of 6 and s.
6
Suppose -2*n = -0*n - 240. Suppose 3*j + a - 47 = 0, 4*a + 37 = 4*j - j. What is the greatest common divisor of j and n?
15
Let d be (-1)/(-4) - (-1590)/(-24). Let v = -34 - d. What is the highest common factor of 80 and v?
16
Suppose 4 = k + 2. Suppose 10 = k*u - 14. Let m be (48/(-10))/(2/(-10)). Calculate the highest common divisor of m and u.
12
Let a be 3 + 0/((-4)/(-2)). Suppose -j + 14 + 13 = 0. What is the highest common divisor of a and j?
3
Let y = -5 - -13. Suppose 0 = 2*t - 5 - 43. What is the greatest common divisor of y and t?
8
Suppose -5*q = -q - 12. Let c be (-122)/(-10) + 2/(-10). What is the highest common factor of q and c?
3
Let t = 14 + -7. Suppose -t*z + 2*w = -2*z - 215, -4*z = -4*w - 160. What is the highest common divisor of 9 and z?
9
Let z = -2 - -4. Suppose -q + 3 = 0, z*q - 4 - 3 = -v. What is the highest common divisor of 2 and v?
1
Let s(t) = t**3 - 5*t**2 - 5*t + 5. Let u be -1*(3 - 4) + -3. Let i be 36/(-3)*u/4. Let c be s(i). Calculate the greatest common factor of c and 77.
11
Suppose -10*q + 7*q + 60 = 0. Suppose j - 3 = 0, -5*p + 4*j = -38 + 10. Let w be 2/p + 15/4. What is the greatest common divisor of q and w?
4
Let n(d) = -d**2 - 6*d + 1. Let v be n(-3). Let y = -146 + 219. Suppose 3*a + 2*f = 71, -3*a = 4*f - 3*f - y. What is the greatest common divisor of v and a?
5
Let d = 343 + -154. Calculate the greatest common divisor of d and 21.
21
Let k(i) = -53*i + 3. Let u be k(1). Let q be 56/10 - (-30)/u. Calculate the greatest common factor of q and 45.
5
Let f be (-11)/(-2) + (-15)/(-30). What is the highest common divisor of 102 and f?
6
Suppose 5*s - 5 = -3*t - 1, t = -4*s + 6. Let a be t/6 + 510/18. Let q be (1*7)/(2/4). What is the highest common divisor of a and q?
14
Suppose 0 = 5*g + 32 - 287. Calculate the highest common divisor of 3 and g.
3
Suppose 4*g = -3*p - g + 437, 4*p = g + 575. Calculate the highest common divisor of p and 16.
16
Let x = 398 - 237. What is the highest common divisor of 23 and x?
23
Suppose 3*t - i - 118 = 0, -3*i + 114 = t + 2*t. Calculate the highest common factor of 26 and t.
13
Suppose 2*p - 4*l - 14 = 0, 8*p - l = 4*p + 7. What is the greatest common factor of 3 and p?
1
Let r = -102 - -175. Suppose -r - 20 = -o - m, 3*m - 375 = -4*o. Suppose 4*l + o = t, 2*t + 29 - 215 = 5*l. Calculate the greatest common factor of 11 and t.
11
Let g be (-63 - 0)*2/(-6). Suppose g = 4*h - 3. Let j be (0 - (2 - 0)) + 3. Calculate the greatest common divisor of j and h.
1
Suppose -290 = -3*i - 2*i. Calculate the greatest common divisor of 145 and i.
29
Let v = 3 + 0. Suppose 14 = -v*x + 4*a, 11 = 3*x + 3*a - 2*a. Let h = 6 + -4. What is the highest common factor of x and h?
2
Let h(t) = -58*t**3 - 2*t**2 + t. Let n be h(1). Let g = -31 - n. What is the greatest common divisor of 70 and g?
14
Suppose -5*q = -91 - 169. Calculate the highest common factor of q and 78.
26
L